ose 11*g = -2*g + 208. Suppose s - g = -8. List the prime factors of s.
2
Let v(c) = -c**2 + 67*c - 60. Let h be v(27). Suppose 6*y - 5388 = -h. What are the prime factors of y?
2, 7, 13
Let v = 6 + 15. Let i(j) be the first derivative of 4*j**2 + 372. What are the prime factors of i(v)?
2, 3, 7
Suppose 91393 + 29533 - 16990 = 14*u. What are the prime factors of u?
2, 29
Let t be (-46)/(-5) - (-164)/205. Suppose -3016 = -t*h + 1124. List the prime factors of h.
2, 3, 23
Let r(y) = 10*y**2 + 9*y - 16. Let u be r(-11). Suppose -7*x + u - 38 = 0. List the prime factors of x.
151
Let j = -88 + 100. Suppose 3*f + 2 = -3*y + 23, -f - 2*y = -j. What are the prime factors of ((f + 1)/(-1))/((-2)/92)?
2, 3, 23
Suppose u - 3717 = -2*v, 18 - 3 = -5*u. List the prime factors of v.
2, 3, 5, 31
Let s(w) be the second derivative of w**4/12 - 4*w**3/3 - 111*w**2/2 - 136*w. What are the prime factors of s(-25)?
2, 3, 7, 17
Let l be ((-2423)/(-4))/(49/196). Suppose -4*b = -l - 621. What are the prime factors of b?
761
Let g = -26 - -81. Suppose 46*o + 2187 = g*o. What are the prime factors of o?
3
Let j(d) = -d**3 - 2*d**2 + 4*d + 4. Let f be j(-4). Let p(s) = -s**3 - 11*s**2 - 25*s + 4. Let l be p(-8). List the prime factors of 401*l/f - 6/(-15).
241
Let m be 2 + -6 + -914*6/4. Let h = m + 2075. What are the prime factors of h?
2, 5, 7
Suppose -8*l + 79884 = -38057 + 28909. List the prime factors of l.
31, 359
Suppose -21*b + 19723 = -2*d + d, -3*b = 3*d - 2805. What are the prime factors of b?
3, 313
Suppose 0 = 10*r - 69757 - 83273. What are the prime factors of r?
3, 5101
Let t be (-3)/((10/4)/5). Let s(j) be the third derivative of j**5/30 + j**4/24 + 5*j**3/3 + 199*j**2. What are the prime factors of s(t)?
2, 19
Let n = 599 + -600. Let o(s) = -1873*s - 41. What are the prime factors of o(n)?
2, 229
Let b(g) = 110*g - 26. Let j(p) = -2*p**3 + 77*p**2 + 39*p + 3. Let w be j(39). List the prime factors of b(w).
2, 19
Let m(q) = 1818*q**2 - 45*q - 93. What are the prime factors of m(-2)?
3, 2423
Suppose 2*g - 780 = -7*w + 2*w, 4*w - 1177 = -3*g. Suppose 76*m - g = 71*m. Let v = 36 + m. What are the prime factors of v?
5, 23
Suppose 0 = -51*b + 68*b - 68. Suppose 667 = -3*c + b*c + 5*q, 2*q = 4*c - 2734. List the prime factors of c.
2, 11, 31
Let q(m) = 8*m + 3*m**2 + 12*m + 0*m + m + 53. List the prime factors of q(-16).
5, 97
Suppose -101*o - 36*o + 5428944 = 25*o. List the prime factors of o.
2, 59, 71
Let t = -416 - -629. Let r = t + -123. Suppose 0 = -9*m + 11*m - r. What are the prime factors of m?
3, 5
Suppose 2 = r, -15*y + 38 = -13*y + r. List the prime factors of ((-2696)/(-48))/(3/y).
337
Suppose 5*o - 79 = 146. Suppose 0 = f - 14 - o. Suppose -5*k + 599 - f = 0. List the prime factors of k.
2, 3
Let i = -44493 + 92566. What are the prime factors of i?
48073
Suppose 290558 + 542530 = 96*v. What are the prime factors of v?
2, 4339
Suppose 80521 + 89311 = 52*z. List the prime factors of z.
2, 23, 71
Let r(u) = u + 56. Let c be r(7). Suppose -c*w = -42*w - 4494. What are the prime factors of w?
2, 107
Let y(w) = 1804*w - 629. List the prime factors of y(3).
4783
Let v be (-6)/4*2*1. Let y be (-9 - (-10 + -1)) + 63. Let u = y + v. List the prime factors of u.
2, 31
Let w(y) = -2*y + 9. Let g be w(4). Let m(v) = -12*v - 1. Let d(p) = p. Let o(c) = -2*d(c) - m(c). List the prime factors of o(g).
11
Let d = -14020 + 14477. What are the prime factors of d?
457
Suppose 64*k - 2351222 = -65*k + 277540. List the prime factors of k.
2, 23, 443
Let r(i) = -i**2 + 12*i + 16. Let z be r(13). Let d be z*(-8)/6 + 1. What are the prime factors of 1/d*10*6/(-4)?
5
Suppose 3*i - 98220 = -4*a, 287*i - 3*a - 32714 = 286*i. List the prime factors of i.
2, 7, 167
Let u(h) = 958*h - 129. What are the prime factors of u(8)?
5, 11, 137
What are the prime factors of 123102/(-36)*-4*13/7?
2, 13, 977
Let z = 31572 + -21691. What are the prime factors of z?
41, 241
Let y be (-24)/(-6) + (1 - 2)*1. Suppose 0*a - a = y*b - 20, a = b + 20. Suppose -c - a = -175. List the prime factors of c.
5, 31
Suppose 5*d + 77 = u, u + u - d = 163. Suppose 2*k = 8, -2*c + 3*k + 272 = u. List the prime factors of c.
101
Suppose 3783 = 3*n - 2832. Suppose -19*w + n = -12*w. What are the prime factors of w?
3, 5, 7
Suppose 16*d - 76 = -12. Suppose 3896 = d*r - 4*q, -5*r = -9*r - 5*q + 3941. What are the prime factors of r?
11, 89
Let f = -13533 + 22284. List the prime factors of f.
3, 2917
Suppose j = 3, -3*l + j + 9 = -4*l. Let z be l/60 - (0 + (-52)/10). Suppose 351 = 4*q + z*q. What are the prime factors of q?
3, 13
Suppose 23619 = 3*t + 2*m, -17*m + 13*m = t - 7863. List the prime factors of t.
3, 5, 7
Suppose -4*m - 340 = -2*r, -r + 4*m - 30 = -198. Let l = 373 - r. What are the prime factors of l?
3, 67
Let u = -2326 + 4834. What are the prime factors of u?
2, 3, 11, 19
Suppose -12*w = 96*w - 6964272. List the prime factors of w.
2, 7, 47
List the prime factors of (-8)/(-52) - 2109/(-247)*(-841)/(-1).
43, 167
Let w be (-94)/(-141)*(1 - -5). Suppose 2*p - 3*u = 4*p - 881, 2*p = -w*u + 886. What are the prime factors of p?
433
Suppose -52165 = -4*y - k, -13020 = -y - 3*k + 7*k. List the prime factors of y.
2, 5, 163
Suppose -3*o - 45*o - 90475 + 628555 = 0. What are the prime factors of o?
2, 5, 19, 59
Let r = -15878 - -28111. What are the prime factors of r?
13, 941
Let x(o) = o + 18. Let g be 3/(-3*4/72). Let r be x(g). Suppose -20*b + 23*b - 267 = r. List the prime factors of b.
89
What are the prime factors of 21 - 5 - (69 + -15307)?
2, 29, 263
What are the prime factors of 189/315*(-2 + 13417)?
3, 2683
Let l be 90/30 + (1 - (0 - -1)). Suppose 6*w + 3*x = 2*w + 1703, 0 = -5*w + l*x + 2095. List the prime factors of w.
2, 211
Let w(m) = m**3 - 13*m**2 + 24*m - 14. Let f be w(11). Suppose -f*r = -2004 - 1164. List the prime factors of r.
2, 3, 11
Let a(u) = -33*u + 37 + 12*u**2 + 50*u - 4*u**2. List the prime factors of a(-7).
2, 5, 31
Let a(n) = -2*n - 33. Let d be a(-19). Suppose 0 = 11*p - d*p. Suppose -1086 = -p*f - 6*f. What are the prime factors of f?
181
Let v(n) = -3*n - 8. Let o be v(-5). Let d(m) = 10*m - o - 13 - 3*m**2 + 5*m**2 + 11*m. List the prime factors of d(-12).
2
Let w(b) be the third derivative of -b**6/120 - 3*b**5/5 - 3*b**4 - 61*b**3/6 + 2*b**2. List the prime factors of w(-34).
3, 5
Suppose 0 = -3*p + 4*j - 14, -3*p - 4*j + 26 = 72. What are the prime factors of (-3185)/98*136/p?
2, 13, 17
List the prime factors of (12/(-10))/((-12)/(-40)) - -205*32.
2, 11, 149
Suppose 5*i - 2*x + 18 = 0, 3*x = -x - 4. Let o be -3*(-8)/(-6) - i. Suppose -3*q + 79 + 59 = o. What are the prime factors of q?
2, 23
Suppose 26*w - 22*w - 10 = -3*s, -w + 4 = s. Let a(v) = 29*v**2 - 10*v - 16. What are the prime factors of a(s)?
2, 11
Let s = 26231 - -8614. List the prime factors of s.
3, 5, 23, 101
Let f = 11323 - 4555. What are the prime factors of f?
2, 3, 47
Let h = -389 + 381. Let z(b) = -68*b + 2. List the prime factors of z(h).
2, 3, 7, 13
Let n(h) = -4084*h - 240. Let k be n(12). List the prime factors of k/(-30) - 2*5/(-25).
2, 821
Let w(h) = h**2 - h - 121. Let d(u) = -2*u + 16. Let a be d(8). Let m be w(a). Let q = 177 + m. List the prime factors of q.
2, 7
Suppose -138*q + 468827 = -353101. List the prime factors of q.
2, 1489
Let d be (-8)/(-8) - (-4)/2. Suppose n + 2*x = 7, 11 = d*n - n + x. What are the prime factors of (-422)/n*25/(-10)?
211
Suppose 3725865 = 50*x + 291*x - 541750. What are the prime factors of x?
5, 2503
List the prime factors of (-22155)/12*(-23 + 19).
5, 7, 211
Let c(n) = -185*n - 34 + 22*n**2 + 374*n - 191*n. List the prime factors of c(-7).
2, 23
Let b be (-8)/(-36) - 735/27. Let l = 10 - b. Suppose 3*k + l - 184 = 0. What are the prime factors of k?
7
Let q(r) = 12122*r**3 + r - 2. Let j be q(1). Suppose -j = -18*k + 1253. List the prime factors of k.
743
Let a be 2241*3*2/18. Suppose -3*q = -m - a - 1050, -3*m = 9. List the prime factors of q.
2, 13, 23
Let y(x) = -26*x**3 + 17*x**2 - 4*x - 277. List the prime factors of y(-8).
5, 19, 149
Let m(c) be the first derivative of -1249*c**4/4 - 2*c**3/3 + 3*c**2/2 - 2*c + 14. Let h be m(2). What are the prime factors of h/(-91) + 2/13?
2, 5, 11
Suppose -5*f + 8*w = 11*w - 7644, 4*f + 3*w - 6114 = 0. Supp